ded by 632?
630
What is the remainder when 265673 is divided by 4230?
3413
What is the remainder when 611251 is divided by 61?
31
Calculate the remainder when 1063271 is divided by 514.
319
What is the remainder when 62636682 is divided by 313?
61
What is the remainder when 31161211 is divided by 3?
1
What is the remainder when 468962 is divided by 56?
18
What is the remainder when 1174152 is divided by 78?
18
Calculate the remainder when 337294 is divided by 168522.
250
Calculate the remainder when 59054 is divided by 94.
22
Calculate the remainder when 882236 is divided by 142.
132
Calculate the remainder when 104175 is divided by 2900.
2675
What is the remainder when 38690781 is divided by 4752?
4749
Calculate the remainder when 1325502142 is divided by 3312.
3310
Calculate the remainder when 708651 is divided by 353993.
665
What is the remainder when 460860677 is divided by 7154?
7151
Calculate the remainder when 108968 is divided by 69.
17
Calculate the remainder when 251551605 is divided by 651.
648
What is the remainder when 495190 is divided by 4671?
64
Calculate the remainder when 110493 is divided by 1517.
1269
What is the remainder when 427957 is divided by 71322?
25
What is the remainder when 52215403 is divided by 366?
13
What is the remainder when 596897 is divided by 85246?
175
Calculate the remainder when 16006218 is divided by 444617.
6
What is the remainder when 505260796 is divided by 21?
19
Calculate the remainder when 31164153 is divided by 783.
753
Calculate the remainder when 1657099672 is divided by 77.
74
What is the remainder when 53071872 is divided by 1125?
1122
What is the remainder when 107845241 is divided by 11?
9
What is the remainder when 84107 is divided by 4341?
1628
What is the remainder when 19538665 is divided by 743?
737
What is the remainder when 1989231 is divided by 38245?
491
What is the remainder when 38702286 is divided by 2764448?
14
What is the remainder when 16870573 is divided by 6253?
6232
What is the remainder when 146288850 is divided by 27?
15
Calculate the remainder when 47654 is divided by 67.
17
What is the remainder when 6040058 is divided by 55?
13
What is the remainder when 81170 is divided by 275?
45
Calculate the remainder when 97534 is divided by 3250.
34
Calculate the remainder when 139607999 is divided by 800.
799
What is the remainder when 45987536 is divided by 2556?
2540
Calculate the remainder when 108523 is divided by 54253.
17
What is the remainder when 295339 is divided by 42189?
16
What is the remainder when 33299652 is divided by 16649818?
16
Calculate the remainder when 5472674 is divided by 195.
194
What is the remainder when 14391560 is divided by 71?
2
Calculate the remainder when 571773 is divided by 14292.
93
What is the remainder when 2329492 is divided by 2998?
46
Calculate the remainder when 138955 is divided by 17324.
363
What is the remainder when 9760462 is divided by 1288?
1286
What is the remainder when 138389040 is divided by 34597259?
4
Calculate the remainder when 1017578 is divided by 122.
98
Calculate the remainder when 5479884 is divided by 178.
154
What is the remainder when 69363842 is divided by 7134?
7094
What is the remainder when 3541777 is divided by 43?
39
What is the remainder when 3505942 is divided by 155?
152
What is the remainder when 1267 is divided by 42?
7
Calculate the remainder when 2484373 is divided by 2484365.
8
What is the remainder when 327482 is divided by 108562?
1796
What is the remainder when 20859997 is divided by 212?
45
Calculate the remainder when 6771794 is divided by 23513.
50
What is the remainder when 49740223 is divided by 260420?
3
Calculate the remainder when 406131 is divided by 2.
1
Calculate the remainder when 201763020 is divided by 7.
4
Calculate the remainder when 287696 is divided by 1674.
1442
What is the remainder when 6992978 is divided by 159?
158
What is the remainder when 1647379 is divided by 28901?
22
What is the remainder when 266951 is divided by 834?
71
What is the remainder when 832045 is divided by 207997?
57
What is the remainder when 122902333 is divided by 419?
415
Calculate the remainder when 112491 is divided by 54003.
4485
What is the remainder when 648947 is divided by 5741?
214
What is the remainder when 86758 is divided by 1677?
1231
Calculate the remainder when 137460 is divided by 22866.
264
Calculate the remainder when 5296184 is divided by 183.
164
What is the remainder when 798382 is divided by 12?
10
Calculate the remainder when 6941 is divided by 71.
54
Calculate the remainder when 85922548 is divided by 149.
59
Calculate the remainder when 302851 is divided by 75519.
775
Calculate the remainder when 318792 is divided by 39687.
1296
Calculate the remainder when 2337244 is divided by 93489.
19
Calculate the remainder when 1370015 is divided by 1214.
623
Calculate the remainder when 358172 is divided by 5804.
4128
What is the remainder when 19018 is divided by 9318?
382
What is the remainder when 5501613 is divided by 48?
45
What is the remainder when 5847213 is divided by 90?
3
Calculate the remainder when 549586 is divided by 2695.
2501
Calculate the remainder when 203219 is divided by 1178.
603
What is the remainder when 17526698 is divided by 111635?
3
Calculate the remainder when 7416853 is divided by 3726.
2113
What is the remainder when 24768723 is divided by 2537?
2529
Calculate the remainder when 15606104 is divided by 5202029.
17
Calculate the remainder when 10368371 is divided by 1197.
1154
Calculate the remainder when 1865452 is divided by 60.
52
What is the remainder when 6491919 is divided by 132?
27
Calculate the remainder when 9567394 is divided by 4783691.
12
Calculate the remainder when 30491 is divided by 2155.
321
Calculate the remainder when 24732536 is divided by 18851.
24
What is the remainder when 18546229 is divided by 289?
232
Calculate the remainder when 233531 is divided by 3078.
2681
Calculate the remainder when 990137 is divided by 247495.
157
What is the remainder when 21447016 is divided by 30207?
46
What is the remainder when 11227215 is divided by 2804?
2803
Calculate the remainder when 33849161 is divided by 16832.
9
What is the remainder when 39382822 is divided by 75446?
10
Calculate the remainder when 13783001 is divided by 6891493.
15
What is the remainder when 988225 is divided by 494104?
17
What is the remainder when 9757 is divided by 620?
457
Calculate the remainder when 216055 is divided by 2260.
1355
Calculate the remainder when 252269 is divided by 116.
85
Calculate the remainder when 98679645 is divided by 402774.
15
Calculate the remainder when 6536751 is divided by 833.
200
What is the remainder when 20376661 is divided by 13?
6
What is the remainder when 2859976 is divided by 3548?
288
What is the remainder when 115088525 is divided by 3836283?
35
What is the remainder when 18669 is divided by 17561?
1108
Calculate the remainder when 61243 is divided by 3487.
1964
What is the remainder when 35443828 is divided by 6519?
25
Calculate the remainder when 245786 is divided by 8778.
2
Calculate the remainder when 46451233 is divided by 166.
117
Calculate the remainder when 8612102 is divided by 815.
812
What is the remainder when 20629347 is divided by 118?
115
What is the remainder when 17641 is divided by 1409?
733
Calculate the remainder when 40310314 is divided by 106.
104
What is the remainder when 41368462 is divided by 1649?
1648
Calculate the remainder when 13428796 is divided by 2685758.
6
What is the remainder when 1989763 is divided by 12914?
1007
What is the remainder when 551199 is divided by 11482?
63
Calculate the remainder when 51736205 is divided by 4832.
4813
Calculate the remainder when 63771 is divided by 1650.
1071
Calculate the remainder when 2184631 is divided by 2848.
215
What is the remainder when 2099243522 is divided by 28?
26
What is the remainder when 23268 is divided by 2162?
1648
What is the remainder when 186119 is divided by 46507?
91
Calculate the remainder when 176016 is divided by 53.
3
What is the remainder when 588793 is divided by 270?
193
Calculate the remainder when 2273499 is divided by 37.
34
Calculate the remainder when 658505 is divided by 749.
134
What is the remainder when 39482 is divi